{"id":31451,"date":"2010-09-17T09:19:27","date_gmt":"2010-09-17T09:19:27","guid":{"rendered":"http:\/\/beta.escueladeartepamplona.com\/?page_id=6"},"modified":"2026-04-17T09:32:01","modified_gmt":"2026-04-17T07:32:01","slug":"quienes-somos","status":"publish","type":"page","link":"https:\/\/escueladeartesuperior.educacion.navarra.es\/web\/la-escuela\/quienes-somos\/","title":{"rendered":"Qui\u00e9nes somos"},"content":{"rendered":"\t\t<div data-elementor-type=\"wp-page\" data-elementor-id=\"31451\" class=\"elementor elementor-31451\" data-elementor-post-type=\"page\">\n\t\t\t\t\t\t\t\t\t<section class=\"elementor-section elementor-top-section elementor-element elementor-element-d42e193 elementor-section-boxed elementor-section-height-default elementor-section-height-default\" data-id=\"d42e193\" data-element_type=\"section\" data-settings=\"{&quot;background_background&quot;:&quot;classic&quot;}\">\n\t\t\t\t\t\t<div class=\"elementor-container elementor-column-gap-default\">\n\t\t\t\t\t<div class=\"elementor-column elementor-col-100 elementor-top-column elementor-element elementor-element-8270b4a\" data-id=\"8270b4a\" data-element_type=\"column\">\n\t\t\t<div class=\"elementor-widget-wrap elementor-element-populated\">\n\t\t\t\t\t\t\t\t<div class=\"elementor-element elementor-element-1856f0d elementor-widget elementor-widget-video\" data-id=\"1856f0d\" data-element_type=\"widget\" data-settings=\"{&quot;youtube_url&quot;:&quot;https:\\\/\\\/youtu.be\\\/GaRQXZ9h3QI&quot;,&quot;autoplay&quot;:&quot;yes&quot;,&quot;play_on_mobile&quot;:&quot;yes&quot;,&quot;mute&quot;:&quot;yes&quot;,&quot;loop&quot;:&quot;yes&quot;,&quot;video_type&quot;:&quot;youtube&quot;,&quot;controls&quot;:&quot;yes&quot;}\" data-widget_type=\"video.default\">\n\t\t\t\t<div class=\"elementor-widget-container\">\n\t\t\t\t\t<div class=\"elementor-wrapper elementor-open-inline\">\n\t\t\t<div class=\"elementor-video\"><\/div>\t\t<\/div>\n\t\t\t\t<\/div>\n\t\t\t\t<\/div>\n\t\t\t\t<div class=\"elementor-element elementor-element-94e700a elementor-widget elementor-widget-text-editor\" data-id=\"94e700a\" data-element_type=\"widget\" data-widget_type=\"text-editor.default\">\n\t\t\t\t<div class=\"elementor-widget-container\">\n\t\t\t\t\t\t\t<p><span style=\"color: #999999;\">V\u00eddeo: <strong>Ver\u00f3nica Eguaras<\/strong> y <strong>Marta Mendia<\/strong>,. B<span style=\"font-family: var( --e-global-typography-text-font-family ), Sans-serif; font-weight: var( --e-global-typography-text-font-weight );\">anda sonora: <\/span><b style=\"font-family: var( --e-global-typography-text-font-family ), Sans-serif;\">Eneko Isturitz Sesma&nbsp;<\/b><i style=\"font-weight: var( --e-global-typography-text-font-weight ); font-family: Arial, sans-serif; font-size: 14.6667px; white-space-collapse: preserve;\">(<\/i><i style=\"font-family: Arial, sans-serif; font-size: 14.6667px; white-space-collapse: preserve;\">Pincha en el altavoz para escuchar el audio<\/i><i style=\"font-weight: var( --e-global-typography-text-font-weight ); font-family: Arial, sans-serif; font-size: 14.6667px; white-space-collapse: preserve;\">)<\/i><\/span><\/p>\t\t\t\t\t\t<\/div>\n\t\t\t\t<\/div>\n\t\t\t\t<div class=\"elementor-element elementor-element-5512291 elementor-widget elementor-widget-heading\" data-id=\"5512291\" data-element_type=\"widget\" data-widget_type=\"heading.default\">\n\t\t\t\t<div class=\"elementor-widget-container\">\n\t\t\t<h2 class=\"elementor-heading-title elementor-size-default\">Sobre la Escuela<\/h2>\t\t<\/div>\n\t\t\t\t<\/div>\n\t\t\t\t<div class=\"elementor-element elementor-element-d819dba elementor-widget elementor-widget-text-editor\" data-id=\"d819dba\" data-element_type=\"widget\" data-widget_type=\"text-editor.default\">\n\t\t\t\t<div class=\"elementor-widget-container\">\n\t\t\t\t\t\t\t<p>La Escuela de Arte y Superior de Dise\u00f1o de Pamplona somos un centro p\u00fablico de ense\u00f1anza que ofrecemos una gran variedad de estudios art\u00edsticos: Formaci\u00f3n Profesional Especial, Ciclos de Grado Medio y Superior, Bachillerato de Artes Pl\u00e1sticas y Dise\u00f1o y Estudios Superiores de Dise\u00f1o de Interiores.\u00a0<\/p><p>\u00a0<\/p>\t\t\t\t\t\t<\/div>\n\t\t\t\t<\/div>\n\t\t\t\t<div class=\"elementor-element elementor-element-f5d0f86 elementor-align-left elementor-widget elementor-widget-button\" data-id=\"f5d0f86\" data-element_type=\"widget\" data-widget_type=\"button.default\">\n\t\t\t\t<div class=\"elementor-widget-container\">\n\t\t\t\t\t<div class=\"elementor-button-wrapper\">\n\t\t\t<a class=\"elementor-button elementor-button-link elementor-size-md\" href=\"https:\/\/escueladeartesuperior.educacion.navarra.es\/web\/estudios\/\">\n\t\t\t\t\t\t<span class=\"elementor-button-content-wrapper\">\n\t\t\t\t\t\t<span class=\"elementor-button-text\">Datos acerca de los estudios y el modo el acceso<\/span>\n\t\t<\/span>\n\t\t\t\t\t<\/a>\n\t\t<\/div>\n\t\t\t\t<\/div>\n\t\t\t\t<\/div>\n\t\t\t\t<div class=\"elementor-element elementor-element-980a4c2 elementor-widget elementor-widget-alert\" data-id=\"980a4c2\" data-element_type=\"widget\" data-widget_type=\"alert.default\">\n\t\t\t\t<div class=\"elementor-widget-container\">\n\t\t\t\t\t<div class=\"elementor-alert elementor-alert-info\" role=\"alert\">\n\t\t\t<span class=\"elementor-alert-title\">Aviso<\/span>\n\t\t\t\t\t\t\t<span class=\"elementor-alert-description\">Si usted necesita entrevistarse con cualquier persona de este centro educativo, deber\u00e1 solicitarlo a trav\u00e9s de correo electr\u00f3nico indicando con qui\u00e9n necestia tener el encuentro, el motivo de la reuni\u00f3n y la disponibilidad horaria en la que podr\u00eda realizarse el encuentro<\/span>\n\t\t\t\t\t\t\t\t<\/div>\n\t\t\t\t<\/div>\n\t\t\t\t<\/div>\n\t\t\t\t\t<\/div>\n\t\t<\/div>\n\t\t\t\t\t\t\t<\/div>\n\t\t<\/section>\n\t\t\t\t<section class=\"elementor-section elementor-top-section elementor-element elementor-element-9c742a1 elementor-section-boxed elementor-section-height-default elementor-section-height-default\" data-id=\"9c742a1\" data-element_type=\"section\">\n\t\t\t\t\t\t<div class=\"elementor-container elementor-column-gap-default\">\n\t\t\t\t\t<div class=\"elementor-column elementor-col-100 elementor-top-column elementor-element elementor-element-b4e7b37\" data-id=\"b4e7b37\" data-element_type=\"column\">\n\t\t\t<div class=\"elementor-widget-wrap elementor-element-populated\">\n\t\t\t\t\t\t\t\t<div class=\"elementor-element elementor-element-a29e191 elementor-widget elementor-widget-heading\" data-id=\"a29e191\" data-element_type=\"widget\" data-widget_type=\"heading.default\">\n\t\t\t\t<div class=\"elementor-widget-container\">\n\t\t\t<h1 class=\"elementor-heading-title elementor-size-default\">Estructura de la escuela<\/h1>\t\t<\/div>\n\t\t\t\t<\/div>\n\t\t\t\t\t<\/div>\n\t\t<\/div>\n\t\t\t\t\t\t\t<\/div>\n\t\t<\/section>\n\t\t\t\t<section class=\"elementor-section elementor-top-section elementor-element elementor-element-318e69c elementor-section-boxed elementor-section-height-default elementor-section-height-default\" data-id=\"318e69c\" data-element_type=\"section\">\n\t\t\t\t\t\t<div class=\"elementor-container elementor-column-gap-default\">\n\t\t\t\t\t<div class=\"elementor-column elementor-col-50 elementor-top-column elementor-element elementor-element-029cb80\" data-id=\"029cb80\" data-element_type=\"column\">\n\t\t\t<div class=\"elementor-widget-wrap elementor-element-populated\">\n\t\t\t\t\t\t\t\t<div class=\"elementor-element elementor-element-00fd0d7 elementor-widget elementor-widget-heading\" data-id=\"00fd0d7\" data-element_type=\"widget\" data-widget_type=\"heading.default\">\n\t\t\t\t<div class=\"elementor-widget-container\">\n\t\t\t<h3 class=\"elementor-heading-title elementor-size-default\">EQUIPO DIRECTIVO<\/h3>\t\t<\/div>\n\t\t\t\t<\/div>\n\t\t\t\t<div class=\"elementor-element elementor-element-552acc9 elementor-widget-divider--view-line elementor-widget elementor-widget-divider\" data-id=\"552acc9\" data-element_type=\"widget\" data-widget_type=\"divider.default\">\n\t\t\t\t<div class=\"elementor-widget-container\">\n\t\t\t\t\t<div class=\"elementor-divider\">\n\t\t\t<span class=\"elementor-divider-separator\">\n\t\t\t\t\t\t<\/span>\n\t\t<\/div>\n\t\t\t\t<\/div>\n\t\t\t\t<\/div>\n\t\t\t\t<div class=\"elementor-element elementor-element-eec77ee elementor-widget elementor-widget-text-editor\" data-id=\"eec77ee\" data-element_type=\"widget\" data-widget_type=\"text-editor.default\">\n\t\t\t\t<div class=\"elementor-widget-container\">\n\t\t\t\t\t\t\t<p><strong>Director<\/strong><br \/>I\u00f1aki Otsoa Etxeberria<br \/><a href=\"mailto:ea.pamplona.direccion@educacion.navarra.es\">ea.pamplona.direccion@educacion.navarra.es<\/a><\/p><p><strong>Vicedirectora<\/strong><br \/>Patricia Martiartu Fern\u00e1ndez<br \/><a href=\"mailto:ea.pamplona.vicedireccion@educacion.navarra.es\">ea.pamplona.vicedireccion@educacion.navarra.es<\/a><\/p><p><strong>Jefa de Estudios<\/strong><br \/>Txaro Larrageta Markotegi<br \/><a href=\"mailto:ea.pamplona.jestudios@educacion.navarra.es\">ea.pamplona.jestudios@educacion.navarra.es<\/a><\/p><p><strong>Jefa de Estudios Adjunta<\/strong><br \/>Teresa Rabanal Delso<br \/><a href=\"mailto:ea.pamplona.jeadjunta@educacion.navarra.es\">ea.pamplona.jeadjunta@educacion.navarra.es<\/a><\/p><p><strong style=\"font-family: var( --e-global-typography-text-font-family ), Sans-serif;\">Secretaria<\/strong><br \/>Halady Montenegro Nuin<br \/><a style=\"font-family: var( --e-global-typography-text-font-family ), Sans-serif; font-weight: var( --e-global-typography-text-font-weight ); background-color: #ffffff;\" href=\"mailto:ea.pamplona.secretaria@educacion.navarra.es\">ea.pamplona.secretaria@educacion.navarra.es<\/a><\/p>\t\t\t\t\t\t<\/div>\n\t\t\t\t<\/div>\n\t\t\t\t\t<\/div>\n\t\t<\/div>\n\t\t\t\t<div class=\"elementor-column elementor-col-50 elementor-top-column elementor-element elementor-element-9633d2b\" data-id=\"9633d2b\" data-element_type=\"column\">\n\t\t\t<div class=\"elementor-widget-wrap elementor-element-populated\">\n\t\t\t\t\t\t\t\t<div class=\"elementor-element elementor-element-e0321df elementor-widget elementor-widget-heading\" data-id=\"e0321df\" data-element_type=\"widget\" data-widget_type=\"heading.default\">\n\t\t\t\t<div class=\"elementor-widget-container\">\n\t\t\t<h3 class=\"elementor-heading-title elementor-size-default\">COORDINACI\u00d3N DOCENTE<\/h3>\t\t<\/div>\n\t\t\t\t<\/div>\n\t\t\t\t<div class=\"elementor-element elementor-element-cd7f099 elementor-widget-divider--view-line elementor-widget elementor-widget-divider\" data-id=\"cd7f099\" data-element_type=\"widget\" data-widget_type=\"divider.default\">\n\t\t\t\t<div class=\"elementor-widget-container\">\n\t\t\t\t\t<div class=\"elementor-divider\">\n\t\t\t<span class=\"elementor-divider-separator\">\n\t\t\t\t\t\t<\/span>\n\t\t<\/div>\n\t\t\t\t<\/div>\n\t\t\t\t<\/div>\n\t\t\t\t<div class=\"elementor-element elementor-element-5b6037d elementor-widget elementor-widget-text-editor\" data-id=\"5b6037d\" data-element_type=\"widget\" data-widget_type=\"text-editor.default\">\n\t\t\t\t<div class=\"elementor-widget-container\">\n\t\t\t\t\t\t\t<p><strong>Departamento de Actividades Profesionales Externas<\/strong><br \/>Olga P\u00e9rez Murillo y Joseba Beroiz Sancho<br \/><a href=\"mailto:ea.pamplona.apexternas@educacion.navarra.es\">ea.pamplona.apexternas@educacion.navarra.es<\/a><\/p><p><strong>Departamento de Desarrollo y Promoci\u00f3n Art\u00edstica<\/strong><br \/>Miren Kontxesi Vicente Isiegas<br \/><a href=\"http:\/\/www.escueladeartepamplona.com\/la-escuela\/quienes-somos\/eapamplo-promoartistica@educacion.navarra.es\">eapamplo-promoartistica@educacion.navarra.es<\/a><\/p><p><strong>Departamento de Orientaci\u00f3n Educativa<\/strong><br \/>M\u00aa Reyes Iraola Saez de Albeniz<br \/><a href=\"mailto:ea.pamplona.orientacion@educacion.navarra.es\">ea.pamplona.orientacion@educacion.navarra.es<\/a><\/p><p><strong>Departamento de Orientaci\u00f3n Laboral<\/strong><br \/>Carla De Miguel Ibero<br \/><a href=\"mailto:ea.pamplona.lanbila@educacion.navarra.es\">ea.pamplona.lanbila@educacion.navarra.es<\/a><\/p><p><span style=\"font-weight: bold;\">Coordinadores de Erasmus de Estudios Superiores<\/span><br \/>Halady Montenegro Nuin y Nerea Ciarra Tejada<br \/><a style=\"background-color: #ffffff;\" href=\"mailto:ea.pamplona.lanbila@educacion.navarra.es\">eapamplo-erasmus@educacion.navarra.es<\/a><\/p>\t\t\t\t\t\t<\/div>\n\t\t\t\t<\/div>\n\t\t\t\t\t<\/div>\n\t\t<\/div>\n\t\t\t\t\t\t\t<\/div>\n\t\t<\/section>\n\t\t\t\t<section class=\"elementor-section elementor-top-section elementor-element elementor-element-7a8a000 elementor-section-boxed elementor-section-height-default elementor-section-height-default\" data-id=\"7a8a000\" data-element_type=\"section\">\n\t\t\t\t\t\t<div class=\"elementor-container elementor-column-gap-default\">\n\t\t\t\t\t<div class=\"elementor-column elementor-col-100 elementor-top-column elementor-element elementor-element-d827025\" data-id=\"d827025\" data-element_type=\"column\">\n\t\t\t<div class=\"elementor-widget-wrap elementor-element-populated\">\n\t\t\t\t\t\t\t\t<div class=\"elementor-element elementor-element-b3bb4a2 elementor-widget elementor-widget-heading\" data-id=\"b3bb4a2\" data-element_type=\"widget\" data-widget_type=\"heading.default\">\n\t\t\t\t<div class=\"elementor-widget-container\">\n\t\t\t<h1 class=\"elementor-heading-title elementor-size-default\">Personal no docente<\/h1>\t\t<\/div>\n\t\t\t\t<\/div>\n\t\t\t\t\t<\/div>\n\t\t<\/div>\n\t\t\t\t\t\t\t<\/div>\n\t\t<\/section>\n\t\t\t\t<section class=\"elementor-section elementor-top-section elementor-element elementor-element-f963d40 elementor-section-boxed elementor-section-height-default elementor-section-height-default\" data-id=\"f963d40\" data-element_type=\"section\">\n\t\t\t\t\t\t<div class=\"elementor-container elementor-column-gap-default\">\n\t\t\t\t\t<div class=\"elementor-column elementor-col-50 elementor-top-column elementor-element elementor-element-73a8762\" data-id=\"73a8762\" data-element_type=\"column\">\n\t\t\t<div class=\"elementor-widget-wrap elementor-element-populated\">\n\t\t\t\t\t\t\t\t<div class=\"elementor-element elementor-element-4f19336 elementor-widget elementor-widget-heading\" data-id=\"4f19336\" data-element_type=\"widget\" data-widget_type=\"heading.default\">\n\t\t\t\t<div class=\"elementor-widget-container\">\n\t\t\t<h3 class=\"elementor-heading-title elementor-size-default\">OFICINA<\/h3>\t\t<\/div>\n\t\t\t\t<\/div>\n\t\t\t\t<div class=\"elementor-element elementor-element-2099a20 elementor-icon-list--layout-traditional elementor-list-item-link-full_width elementor-widget elementor-widget-icon-list\" data-id=\"2099a20\" data-element_type=\"widget\" data-widget_type=\"icon-list.default\">\n\t\t\t\t<div class=\"elementor-widget-container\">\n\t\t\t\t\t<ul class=\"elementor-icon-list-items\">\n\t\t\t\t\t\t\t<li class=\"elementor-icon-list-item\">\n\t\t\t\t\t\t\t\t\t\t\t<a href=\"mailto:ea.pamplona@educacion.navarra.es\">\n\n\t\t\t\t\t\t\t\t\t\t\t\t<span class=\"elementor-icon-list-icon\">\n\t\t\t\t\t\t\t<i aria-hidden=\"true\" class=\"far fa-envelope-open\"><\/i>\t\t\t\t\t\t<\/span>\n\t\t\t\t\t\t\t\t\t\t<span class=\"elementor-icon-list-text\">ea.pamplona@educacion.navarra.es<\/span>\n\t\t\t\t\t\t\t\t\t\t\t<\/a>\n\t\t\t\t\t\t\t\t\t<\/li>\n\t\t\t\t\t\t<\/ul>\n\t\t\t\t<\/div>\n\t\t\t\t<\/div>\n\t\t\t\t<div class=\"elementor-element elementor-element-dd6e6ca elementor-widget elementor-widget-text-editor\" data-id=\"dd6e6ca\" data-element_type=\"widget\" data-widget_type=\"text-editor.default\">\n\t\t\t\t<div class=\"elementor-widget-container\">\n\t\t\t\t\t\t\t<p>Mar\u00eda Pilar Capilla G\u00f3mez<\/p><p>Mirian Bajo L\u00f3pez<\/p><p>Maje Merlo Arana<\/p>\t\t\t\t\t\t<\/div>\n\t\t\t\t<\/div>\n\t\t\t\t<div class=\"elementor-element elementor-element-fac03cb elementor-widget elementor-widget-heading\" data-id=\"fac03cb\" data-element_type=\"widget\" data-widget_type=\"heading.default\">\n\t\t\t\t<div class=\"elementor-widget-container\">\n\t\t\t<h3 class=\"elementor-heading-title elementor-size-default\">PERSONAL MANTENIMIENTO<\/h3>\t\t<\/div>\n\t\t\t\t<\/div>\n\t\t\t\t<div class=\"elementor-element elementor-element-333d64d elementor-widget elementor-widget-text-editor\" data-id=\"333d64d\" data-element_type=\"widget\" data-widget_type=\"text-editor.default\">\n\t\t\t\t<div class=\"elementor-widget-container\">\n\t\t\t\t\t\t\t<p>Luis Areta Gazta\u00f1aga<\/p>\t\t\t\t\t\t<\/div>\n\t\t\t\t<\/div>\n\t\t\t\t<div class=\"elementor-element elementor-element-4acaf96 elementor-widget elementor-widget-text-editor\" data-id=\"4acaf96\" data-element_type=\"widget\" data-widget_type=\"text-editor.default\">\n\t\t\t\t<div class=\"elementor-widget-container\">\n\t\t\t\t\t\t\t\t\t\t\t\t\t<\/div>\n\t\t\t\t<\/div>\n\t\t\t\t\t<\/div>\n\t\t<\/div>\n\t\t\t\t<div class=\"elementor-column elementor-col-50 elementor-top-column elementor-element elementor-element-4068319\" data-id=\"4068319\" data-element_type=\"column\">\n\t\t\t<div class=\"elementor-widget-wrap elementor-element-populated\">\n\t\t\t\t\t\t\t\t<div class=\"elementor-element elementor-element-8038712 elementor-widget elementor-widget-heading\" data-id=\"8038712\" data-element_type=\"widget\" data-widget_type=\"heading.default\">\n\t\t\t\t<div class=\"elementor-widget-container\">\n\t\t\t<h3 class=\"elementor-heading-title elementor-size-default\">CONSERJER\u00cdA<\/h3>\t\t<\/div>\n\t\t\t\t<\/div>\n\t\t\t\t<div class=\"elementor-element elementor-element-fd7a7bf elementor-icon-list--layout-traditional elementor-list-item-link-full_width elementor-widget elementor-widget-icon-list\" data-id=\"fd7a7bf\" data-element_type=\"widget\" data-widget_type=\"icon-list.default\">\n\t\t\t\t<div class=\"elementor-widget-container\">\n\t\t\t\t\t<ul class=\"elementor-icon-list-items\">\n\t\t\t\t\t\t\t<li class=\"elementor-icon-list-item\">\n\t\t\t\t\t\t\t\t\t\t\t<a href=\"mailto:ea.pamplona.conserjeria@educacion.navarra.es\">\n\n\t\t\t\t\t\t\t\t\t\t\t\t<span class=\"elementor-icon-list-icon\">\n\t\t\t\t\t\t\t<i aria-hidden=\"true\" class=\"far fa-envelope-open\"><\/i>\t\t\t\t\t\t<\/span>\n\t\t\t\t\t\t\t\t\t\t<span class=\"elementor-icon-list-text\">ea.pamplona.conserjeria@educacion.navarra.es<\/span>\n\t\t\t\t\t\t\t\t\t\t\t<\/a>\n\t\t\t\t\t\t\t\t\t<\/li>\n\t\t\t\t\t\t<\/ul>\n\t\t\t\t<\/div>\n\t\t\t\t<\/div>\n\t\t\t\t<div class=\"elementor-element elementor-element-9e13a1e elementor-widget elementor-widget-text-editor\" data-id=\"9e13a1e\" data-element_type=\"widget\" data-widget_type=\"text-editor.default\">\n\t\t\t\t<div class=\"elementor-widget-container\">\n\t\t\t\t\t\t\t<p>Maite Aldaba Legaspi<\/p><p>Marian Olag\u00fce Irigoyen<\/p><p>Juantxo Etxeberria Camino<\/p>\t\t\t\t\t\t<\/div>\n\t\t\t\t<\/div>\n\t\t\t\t\t<\/div>\n\t\t<\/div>\n\t\t\t\t\t\t\t<\/div>\n\t\t<\/section>\n\t\t\t\t<section class=\"elementor-section elementor-top-section elementor-element elementor-element-357b3f4 elementor-section-boxed elementor-section-height-default elementor-section-height-default\" data-id=\"357b3f4\" data-element_type=\"section\">\n\t\t\t\t\t\t<div class=\"elementor-container elementor-column-gap-default\">\n\t\t\t\t\t<div class=\"elementor-column elementor-col-100 elementor-top-column elementor-element elementor-element-e407486\" data-id=\"e407486\" data-element_type=\"column\">\n\t\t\t<div class=\"elementor-widget-wrap elementor-element-populated\">\n\t\t\t\t\t\t\t\t<div class=\"elementor-element elementor-element-08323bb elementor-align-center elementor-widget elementor-widget-button\" data-id=\"08323bb\" data-element_type=\"widget\" data-widget_type=\"button.default\">\n\t\t\t\t<div class=\"elementor-widget-container\">\n\t\t\t\t\t<div class=\"elementor-button-wrapper\">\n\t\t\t<a class=\"elementor-button elementor-button-link elementor-size-lg\" href=\"https:\/\/escueladeartesuperior.educacion.navarra.es\/web\/wp-content\/uploads\/2025\/11\/CONSEJO-ESCOLAR-2025-26.pdf\" target=\"_blank\">\n\t\t\t\t\t\t<span class=\"elementor-button-content-wrapper\">\n\t\t\t\t\t\t<span class=\"elementor-button-text\">CONSEJO ESCOLAR<\/span>\n\t\t<\/span>\n\t\t\t\t\t<\/a>\n\t\t<\/div>\n\t\t\t\t<\/div>\n\t\t\t\t<\/div>\n\t\t\t\t\t<\/div>\n\t\t<\/div>\n\t\t\t\t\t\t\t<\/div>\n\t\t<\/section>\n\t\t\t\t<section class=\"elementor-section elementor-top-section elementor-element elementor-element-24fea8c elementor-section-boxed elementor-section-height-default elementor-section-height-default\" data-id=\"24fea8c\" data-element_type=\"section\">\n\t\t\t\t\t\t<div class=\"elementor-container elementor-column-gap-default\">\n\t\t\t\t\t<div class=\"elementor-column elementor-col-100 elementor-top-column elementor-element elementor-element-35bed44\" data-id=\"35bed44\" data-element_type=\"column\">\n\t\t\t<div class=\"elementor-widget-wrap elementor-element-populated\">\n\t\t\t\t\t\t\t\t<div class=\"elementor-element elementor-element-0aef41c elementor-align-center elementor-widget elementor-widget-button\" data-id=\"0aef41c\" data-element_type=\"widget\" data-widget_type=\"button.default\">\n\t\t\t\t<div class=\"elementor-widget-container\">\n\t\t\t\t\t<div class=\"elementor-button-wrapper\">\n\t\t\t<a class=\"elementor-button elementor-button-link elementor-size-sm\" href=\"https:\/\/escueladeartesuperior.educacion.navarra.es\/web\/wp-content\/uploads\/2024\/11\/Agresiones_web_Cas.pdf\" target=\"_blank\">\n\t\t\t\t\t\t<span class=\"elementor-button-content-wrapper\">\n\t\t\t\t\t\t<span class=\"elementor-button-text\">Protocolo de Agresiones Externas<\/span>\n\t\t<\/span>\n\t\t\t\t\t<\/a>\n\t\t<\/div>\n\t\t\t\t<\/div>\n\t\t\t\t<\/div>\n\t\t\t\t\t<\/div>\n\t\t<\/div>\n\t\t\t\t\t\t\t<\/div>\n\t\t<\/section>\n\t\t\t\t\t\t\t<\/div>\n\t\t","protected":false},"excerpt":{"rendered":"<p>https:\/\/youtu.be\/GaRQXZ9h3QI V\u00eddeo: Ver\u00f3nica Eguaras y Marta Mendia,. Banda sonora: Eneko Isturitz Sesma&nbsp;(Pincha en el altavoz para escuchar el audio) Sobre la Escuela La Escuela de Arte y Superior de Dise\u00f1o de Pamplona somos un centro p\u00fablico de ense\u00f1anza que ofrecemos una gran variedad de estudios art\u00edsticos: Formaci\u00f3n Profesional Especial, Ciclos de Grado Medio y Superior, [&hellip;]<\/p>\n","protected":false},"author":1,"featured_media":0,"parent":31450,"menu_order":1,"comment_status":"closed","ping_status":"open","template":"","meta":{"_genesis_hide_title":false,"_genesis_hide_breadcrumbs":false,"_genesis_hide_singular_image":false,"_genesis_hide_footer_widgets":false,"_genesis_custom_body_class":"","_genesis_custom_post_class":"","_genesis_layout":"","footnotes":""},"_links":{"self":[{"href":"https:\/\/escueladeartesuperior.educacion.navarra.es\/web\/wp-json\/wp\/v2\/pages\/31451"}],"collection":[{"href":"https:\/\/escueladeartesuperior.educacion.navarra.es\/web\/wp-json\/wp\/v2\/pages"}],"about":[{"href":"https:\/\/escueladeartesuperior.educacion.navarra.es\/web\/wp-json\/wp\/v2\/types\/page"}],"author":[{"embeddable":true,"href":"https:\/\/escueladeartesuperior.educacion.navarra.es\/web\/wp-json\/wp\/v2\/users\/1"}],"replies":[{"embeddable":true,"href":"https:\/\/escueladeartesuperior.educacion.navarra.es\/web\/wp-json\/wp\/v2\/comments?post=31451"}],"version-history":[{"count":213,"href":"https:\/\/escueladeartesuperior.educacion.navarra.es\/web\/wp-json\/wp\/v2\/pages\/31451\/revisions"}],"predecessor-version":[{"id":54494,"href":"https:\/\/escueladeartesuperior.educacion.navarra.es\/web\/wp-json\/wp\/v2\/pages\/31451\/revisions\/54494"}],"up":[{"embeddable":true,"href":"https:\/\/escueladeartesuperior.educacion.navarra.es\/web\/wp-json\/wp\/v2\/pages\/31450"}],"wp:attachment":[{"href":"https:\/\/escueladeartesuperior.educacion.navarra.es\/web\/wp-json\/wp\/v2\/media?parent=31451"}],"curies":[{"name":"wp","href":"https:\/\/api.w.org\/{rel}","templated":true}]}}